c be 6/l*(4 - 2). Let t(p) = 2*p - 2. Is 2 a factor of t(c)?
True
Suppose 2*q = 5*q - 366. Does 29 divide q?
False
Suppose 23 = -s - 2*p + 74, -5*p = s - 63. Suppose -2*u + s + 13 = 0. Is u a multiple of 14?
True
Suppose -3*t - 12 - 3 = 5*n, -n - 2*t - 3 = 0. Is ((-6)/(-18))/(n/(-36)) a multiple of 3?
False
Let r(n) be the first derivative of n**4/4 - 10*n**3/3 - 9*n**2/2 + 11*n - 1. Is 25 a factor of r(11)?
False
Let b(h) be the first derivative of h**3/3 - 5*h**2/2 + 2*h - 1. Is 8 a factor of b(6)?
True
Let r(a) = -a**2 - 5*a - 4. Let v be r(-4). Suppose 0*i - i = v. Suppose i = -2*m - 6 + 38. Is 8 a factor of m?
True
Suppose 3*j - 120 - 46 = -2*h, 224 = 4*j + 2*h. Suppose -3*z - 17 = j. Let b = z + 55. Is b a multiple of 12?
False
Suppose l = 3*k + 27, 0*l + 2*l - 74 = -4*k. Suppose -l = -3*j - 5*n + 4, 3*j = n + 43. Does 14 divide j?
True
Suppose -4 = -4*c + 4. Is c even?
True
Suppose -126 + 483 = 3*f + 3*y, -3*f + 363 = 5*y. Does 15 divide f?
False
Let t(w) = -w**2 + 4*w - 5. Let g be t(7). Let p = g - -16. Let f = p + 20. Is f a multiple of 10?
True
Let p be 18/4 + 1/(-2). Suppose -3*t = 5*x - 200, 5*x = p*t - t - 160. Does 12 divide t?
True
Let r(o) = -5*o**2 - 2*o - 1. Let q be r(-1). Let c = q - -1. Is 16 a factor of (-6)/(-1)*(-16)/c?
True
Suppose 11 = -3*u - 7. Let b be u/15 + (-34)/(-10). Suppose 6 = -4*n - 2*t + 22, -b*t - 3 = -3*n. Is 3 a factor of n?
True
Does 18 divide (2/4)/((-23)/(-1012))?
False
Let p(s) = 4*s - 8. Let l be p(11). Suppose 2*v + 31 = 5*k, -2*v = 4*k + 2*v - l. Does 3 divide k?
False
Let t(z) = -z**3 - z**2 - 42. Let o be t(0). Let n be 2 - (0/(-1) + o). Let m = -25 + n. Is 11 a factor of m?
False
Let h = 29 - 96. Let c = 99 + h. Is 16 a factor of c?
True
Let l(k) be the second derivative of k**4/3 + k**3 + 3*k**2 + k. Is l(-4) a multiple of 19?
False
Let w = 22 - -65. Does 18 divide w?
False
Suppose -4*g = 3*s - 27, -3 = -2*s + 3*g - 2. Does 5 divide s?
True
Let o be (-38)/4*4/(-1). Let c = o + -23. Does 5 divide c?
True
Let b(s) = 2*s**2 - s + 67. Is b(0) a multiple of 15?
False
Let b = 114 - -66. Is b a multiple of 45?
True
Let b(o) = 6*o - 3. Let j be b(-8). Let g = 94 + j. Suppose -2*w = -5*m + w + g, 0 = 5*m + w - 39. Is m a multiple of 4?
True
Suppose -3*m - 2*m = -310. Let n = m - -15. Suppose -2*o = -n - 17. Does 17 divide o?
False
Suppose 0*r = 2*r - 24. Is 4 a factor of r?
True
Let o = -15 - -11. Is 2 a factor of 2/o + (-42)/(-12)?
False
Let n be 154/3 - (-6)/9. Suppose -5*i = -8 - n. Does 4 divide i?
True
Suppose 4*v + 9 = -19. Suppose 13 = 3*c - 26. Let x = c + v. Does 5 divide x?
False
Is (-1)/((-314)/(-810) + 2/(-5)) a multiple of 9?
True
Let z(h) = -h**2 + 2*h - 8. Let u(c) = c**2 - c + 9. Let s(g) = -5*u(g) - 6*z(g). Let t(p) = -p**2 - 6*p + 7. Let o be t(-6). Does 3 divide s(o)?
True
Suppose 2 = 2*a + 18. Let v be (a/(-10))/((-2)/(-5)). Is -2 + v + 2*16 a multiple of 16?
True
Let j(d) = 8*d + 2. Let l be j(-5). Let g = -21 - l. Does 17 divide g?
True
Let p be (-1 + (-4)/(-12))*-6. Let t(x) = -x + 13. Is 9 a factor of t(p)?
True
Let p(m) = -3*m - 2. Let t be p(-2). Suppose z + 4*w - t = 0, 4*z + 0*z = 2*w - 74. Let j = 20 - z. Is 15 a factor of j?
False
Suppose 5*v + 0*m - 130 = 5*m, -v = m - 30. Suppose 5*h = 4*g - 44, -4*g - v = -h + 5*h. Let k = 16 + h. Is 4 a factor of k?
True
Suppose 5*m - 616 - 384 = 0. Does 20 divide m?
True
Suppose -31 - 47 = 3*o. Let c = 46 + o. Is c a multiple of 8?
False
Let x = -36 + 162. Does 39 divide x?
False
Suppose 0 = 2*z + 18 - 154. Suppose 4*x - 2*i = 124, -2*x + z = -0*x - 4*i. Is x a multiple of 15?
True
Suppose -5*u + 0*u = -40. Let t be 2/u - (-33)/12. Suppose l + 3*n = 4, t*l + 3 - 15 = -5*n. Does 4 divide l?
True
Suppose -73 = -24*m + 23*m. Does 10 divide m?
False
Let l = -194 + 286. Is l a multiple of 23?
True
Let i be 1 + 5 + 1*-2. Let p(a) = -i*a + 6*a + a - 2. Is p(4) a multiple of 5?
True
Is 5 a factor of (-146)/(-219) - 2*(-326)/12?
True
Let y(v) = -v - 7. Let a be y(-9). Suppose 0 = x - a*x + 4. Suppose 32 = x*r - 60. Does 6 divide r?
False
Let q(w) = w**2 - 3*w - 2. Let h be q(4). Let o be 0 + h - (2 + -2). Is -3 - 51/(-6)*o a multiple of 5?
False
Let w(q) = -q + 6. Let i(f) = -f**2 - 6*f + 2. Let n be i(-5). Let a be w(n). Is (-8)/(-2 - a) + -1 a multiple of 3?
False
Let s = 12 + -9. Let w(d) = d**3 - d**2 + 3*d + 3. Is 6 a factor of w(s)?
True
Suppose -2*g + 3*g = 7. Suppose -g*d + 2*d + 5 = 0, 2*f - 126 = -4*d. Is 23 a factor of f?
False
Let o(i) = 10*i + 1. Let t be o(2). Suppose -2*b + t = -63. Is b a multiple of 14?
True
Let z = 13 + -26. Let f = z + 23. Does 7 divide f?
False
Let z(x) = x**2 - 4*x + 2. Let c be -2 + 5 + 6/3. Does 3 divide z(c)?
False
Let m(g) = -9*g**2 - 13*g - 5. Let y(v) = 13*v**2 + 19*v + 7. Let u(q) = 7*m(q) + 5*y(q). Does 10 divide u(3)?
True
Suppose -21 - 14 = -j. Is j a multiple of 5?
True
Suppose 10*g + 5*g = 1560. Is g a multiple of 8?
True
Let c(g) = 5*g - 4*g**2 + 3*g**2 + 2*g + 2*g. Let q be c(9). Suppose 0 = -u - q*u + 37. Does 19 divide u?
False
Does 3 divide 0/2*1 - -11?
False
Let m = -7 - -91. Is m a multiple of 12?
True
Suppose -3*c - 5*f = -107, 3*f - 6 = -3. Does 10 divide c?
False
Suppose -2*s - 2 = -4*s. Let r(m) = 17*m + 1. Is 6 a factor of r(s)?
True
Let n be -1 + (-1 - -5) + 0. Suppose 0 = -5*j + 7 + n. Suppose 0 = 3*t + j*t - 55. Is t a multiple of 5?
False
Let o(p) = p**3 - 5*p**2 - 6*p - 10. Suppose t + 16 = 2*n, -5*t - 4 - 13 = -n. Does 23 divide o(n)?
True
Let t(w) = 3*w**2 + 49*w - 28. Is 14 a factor of t(-21)?
True
Let l be (-18*(1 - 0))/(-2). Let g = l - 1. Is 8 a factor of g?
True
Suppose -86 - 74 = -3*u + 5*d, 3*u + 5*d - 110 = 0. Is 9 a factor of u?
True
Let j = 53 - -287. Is 17 a factor of j?
True
Suppose -4*y = -758 - 1114. Let r(v) = v + 11. Let q be r(-14). Does 13 divide ((-2)/q)/(8/y)?
True
Suppose 0 = 22*u - 20*u - 102. Is 14 a factor of u?
False
Suppose 4*p = x + 79, 22 = p - x + 3*x. Is p a multiple of 10?
True
Let z = 27 - -37. Suppose -4*r + 98 = 5*p, 0 = 3*r - 0*r - p - z. Is r a multiple of 4?
False
Let g(v) be the first derivative of -v**4/4 - 3*v**3 - 11*v**2/2 + 4*v - 5. Is 16 a factor of g(-8)?
False
Is 9 a factor of (-211)/(-7) + 19/(-133)?
False
Let s(y) = -y**3 + 10*y**2 + 7*y + 14. Is s(10) a multiple of 12?
True
Suppose -72 = 6*f - 3*f + 3*q, 130 = -5*f + 5*q. Suppose -3*i - 76 = -5*i + 3*g, g + 177 = 5*i. Let b = f + i. Is b a multiple of 5?
True
Suppose 2*d - 36 = 4*y, 3*d + 7*y - 3*y - 64 = 0. Suppose -d = -b - b. Does 4 divide b?
False
Suppose 0 = o - f - 10, -4*o + 2 = f - 13. Suppose 2*c - 80 = -3*y, -o*y - 4*c = -5 - 131. Is 10 a factor of y?
False
Suppose 1 = r - 2. Suppose -r*i + 37 = -5. Is 14 a factor of i?
True
Suppose 2*y = -o - 1, -4*y = 3*o - 3 - 0. Does 3 divide 2*y*6/(-9)?
False
Suppose -5*g - 18 = -8. Let u(h) = -4*h**3 - 9*h**2 - 9*h - 6. Let w(k) = -2*k**3 - 5*k**2 - 5*k - 3. Let p(y) = 3*u(y) - 5*w(y). Is p(g) a multiple of 9?
True
Let m(s) = -s**3 + 5*s**2 + s + 5. Let g be -2 + 2/1 + 12. Suppose -2*r - 4 + g = 0. Does 10 divide m(r)?
False
Let n = 212 - -41. Does 47 divide n?
False
Suppose -6*l - 74 = -4*l - v, 2*l + 74 = 4*v. Let a = 16 - l. Is 16 a factor of a?
False
Let n(x) = -x**2 + 9*x + 1. Is 15 a factor of n(7)?
True
Suppose -r + 0*r = -4*t - 33, -2*r - 4*t = -42. Let a = 4 - -23. Suppose r = -5*v, -4*y + a + 35 = -2*v. Is 13 a factor of y?
True
Let d = 20 + -14. Suppose -r - 95 = -2*r. Suppose d*a = a + r. Is a a multiple of 15?
False
Let d be (-246)/21 + (-4)/14. Let k = d - -31. Is 15 a factor of k?
False
Let g be 3/(0 + (-3)/(-2)). Suppose 6*x - 8 = g*x. Is (x - -18) + -1 + -1 a multiple of 8?
False
Suppose n - 2 = 3*a, 5*a - 2*n + 0*n = -4. Suppose -3*z + 12 = a, 4*z - 46 = -j + z. Is 17 a factor of j?
True
Let z(v) = -4*v + 11 + 4*v - v. Is 4 a factor of z(7)?
True
Let f = 86 + -54. Suppose 0 = 3*z - 2*m - f, 3*m - 59 + 12 = -5*z. Is 6 a factor of z?
False
Let p = 63 - -131. Is p a multiple of 27?
False
Let y be 3 - -2*(-1)/(-2). Suppose y*s - 140 = -6*b + b, -16 = -4*b. Does 15 divide s?
True
Let x(p) = 40*p. Is 11 a factor of x(1)?
False
Suppose 3*b - 437 + 11 = 0. Let w = 217 - b. Is w a multiple of 21?
False
Suppose 0*z = -5*z - 215. Let f be (z - (-1 + 2)) + 1. Let t = -16 - f. Is t a multiple of 7?
False
Suppose -6*z 